0*x - 18*x. Let j be n(13). Calculate the highest common factor of 150 and j.
75
Let w = 4 + -24. Let u be (-276)/(-28) - (w/(-4))/(-35). Let c(r) = -9*r - 3. Let q be c(-2). What is the greatest common divisor of q and u?
5
Let i(o) = -6*o + 32. Let k be i(5). Suppose -k*q - 3*t + 48 = 2*t, 0 = 5*q + t - 74. Calculate the greatest common divisor of 56 and q.
14
Let m(g) = -4*g**2 - 136*g - 246. Let t be m(-31). Calculate the greatest common divisor of 8 and t.
2
Let l be 7/(-19 + (-16428)/(-864)). Calculate the greatest common divisor of 2072 and l.
56
Let t(w) = w**3 - 12*w**2 + 24*w - 8. Let v be t(10). Let u be (-40)/v - 5634/(-8). Calculate the greatest common divisor of u and 19.
19
Let q(u) = 2*u**3 + 10*u**2 + 24*u + 74. Let c be q(-4). What is the highest common divisor of 395 and c?
5
Suppose 2*f + 21 = 3*f. Suppose -n = -5*a + 93 + 67, 3*a - 5*n = 96. Suppose 3*j + j + a = 4*d, 2*j = -2. What is the highest common factor of d and f?
7
Let z be 4*1 + (30 + -2 - 12). Let x(d) be the first derivative of -d**2/2 - 8. Let l be x(-4). What is the highest common factor of z and l?
4
Let n = -21013 - -22206. Calculate the highest common factor of 1 and n.
1
Let j(g) = 5*g**2 - 16*g - 76. Let w be j(-8). Let x = w - 318. What is the highest common factor of x and 27?
27
Let n = 841 + -823. Suppose 101 = i - 204. Suppose 415 = 5*c - i. What is the highest common divisor of n and c?
18
Let i be (2/(-1))/2 - -19. Suppose 13*q = i*q - 825. What is the greatest common divisor of q and 30?
15
Let u be 0*(-1)/3 + 3. Suppose 4*o + 2*b - 100 = -2*b, -o = u*b - 21. Let l be 271/3 + (-9)/o. Calculate the greatest common factor of 18 and l.
18
Let l(i) = 150 + i - 150. Let n be l(2). Let c be (n - -22)*(-21)/(-9). Calculate the highest common factor of 24 and c.
8
Let y be (4 + 6)*(2 - 3/2). Suppose -9*v + 3*v + 72 = 0. Suppose -4*p + 88 + v = 0. What is the highest common divisor of y and p?
5
Let o(b) = -3*b + 15. Suppose 12*y + 85 = 8*y - 5*p, 0 = 4*y + 4*p + 80. Let t be o(y). What is the highest common divisor of 48 and t?
12
Let x = -25 + -13. Let o be ((-17)/3)/(2/6). Let z = o - x. Calculate the highest common divisor of 231 and z.
21
Let f(a) = 5*a**2 + 16*a + 114. Let o be f(0). What is the highest common factor of 4788 and o?
114
Suppose 11*i + 504 = -739. Let g = i + 268. What is the greatest common divisor of g and 31?
31
Suppose 0 = 77*q + 4*q - 243. Let t = -7 - -13. Let w be q/(-6) + 129/t. What is the highest common factor of 168 and w?
21
Let d(t) = 5 - 2*t + 3 + 14 + 3*t. Let g be d(-9). Suppose -5*z - 175 + 20 = -2*x, -4*x + 255 = z. Calculate the greatest common divisor of x and g.
13
Suppose -4*p + 5*g + 244 = 0, -3*g = -3*p + g + 182. Let i = 12 - -25. Let a = i - 15. Calculate the greatest common divisor of p and a.
22
Suppose -41497 - 58811 = 72*u - 85*u. What is the highest common divisor of u and 4?
4
Let n be 66595/25 - 18/(-15). Suppose 0 = 22*q + 377 - n. Calculate the greatest common divisor of q and 8.
8
Suppose 0 = -10*y + 876 + 424. Let m = y - -245. Calculate the highest common factor of m and 15.
15
Suppose 30*o - 10139 = 20521. Calculate the highest common factor of o and 6.
2
Let h be 21/(-105) - (146/(-5) + 1). Suppose 5*v - 4*d = -22, 3*v - 4*d - 12 = -30. Let c be 28/(v - (-27)/12). Calculate the highest common divisor of c and h.
28
Suppose 18572 = 354*t - 1835 - 24197. Calculate the greatest common divisor of 1449 and t.
63
Let j = -6721 - -7486. What is the greatest common factor of j and 18?
9
Let h = -21872 + 23129. Calculate the highest common divisor of 9 and h.
3
Let p be (209 - (-8 - -30))/(2/4). What is the greatest common factor of p and 550?
22
Let h(x) = x - 101. Let w be h(0). Let u = w + 103. Suppose u*b - 77 = -5*b. Calculate the greatest common divisor of b and 44.
11
Let v be (-8)/48 - ((-878746)/(-12))/(-11). Calculate the greatest common factor of 42 and v.
21
Let n(b) = -3*b**2 + 9*b - 9. Let f be n(3). Let t = 33 + f. Calculate the greatest common factor of 24 and t.
24
Let a = 7201 + -7138. What is the highest common factor of 3843 and a?
63
Suppose 8*y + 7 = y. Let v = -1 - y. Suppose 4*t + 4*l + 74 - 702 = v, -2*l + 794 = 5*t. What is the greatest common factor of t and 64?
32
Let f(d) = d**3 + 74*d**2 - 478*d - 5. Let v be f(6). Suppose a + 5 = -3*y, a - 12 = -3*a - 4*y. What is the greatest common divisor of v and a?
7
Let r(z) = -16*z - 23. Let m be r(-2). Let w = 51 + -35. Let o = -15 + w. What is the highest common divisor of o and m?
1
Suppose 28443 = -27*n + 86*n - 31914. Calculate the greatest common divisor of 1147 and n.
31
Let m(q) = q**2 - 131*q + 4008. Let c be m(83). What is the greatest common factor of 2216 and c?
8
Suppose -2*a + 79 = 5*i, 5*a - 4*i - 52 = 63. Let n be -18 - (-57 - 28) - 4. What is the highest common factor of a and n?
9
Suppose 0 = 5*m - 2*p - 5501, -47*m + 7705 = -40*m - 4*p. Calculate the greatest common factor of 14 and m.
7
Let l be (77 - 3)/(-2 + 3). Calculate the greatest common divisor of l and 1184.
74
Let d = 26 - 24. Suppose -d*h + 4 = 10. Let t be h - -19 - (-3 + 4). What is the highest common factor of t and 135?
15
Let o(y) = -2*y + 170. Let d be o(10). Calculate the greatest common divisor of 540 and d.
30
Suppose -4*r = -5*k - 15, -r + 3*r - 2*k = 8. Let a be (-2)/(r - (-11416)/(-2280)). What is the highest common factor of 45 and a?
15
Let x = -15115 - -15117. Let s(g) = 6*g**3 + g**2 + g + 1. Let h be s(-1). Let q(u) = -u - 2. Let o be q(h). Calculate the greatest common divisor of o and x.
1
Suppose -4735 - 14868 = -47*t - 803. What is the highest common divisor of t and 5440?
80
Let o(f) = -f**2 - 43*f - 290. Let g be o(-34). Suppose g*a - 1088 = 1936. Calculate the greatest common divisor of 105 and a.
21
Let j = 140 + 153. Let r be j - (-3 - 2 - -1). Let a(k) = -2*k**2 + 52*k - 183. Let u be a(21). What is the greatest common factor of r and u?
27
Suppose -15*f = -611 - 3469. Let n = -25 + 59. Calculate the greatest common divisor of n and f.
34
Let v = -600 - -592. Let y(o) = -8*o**2 - 3 + 15*o**2 - 3*o + o**3 - 8*o. Let s be y(v). What is the highest common factor of 21 and s?
21
Let y be (2/7 - 24/(-112)) + 70938/28. What is the highest common divisor of 14 and y?
14
Let k(c) = c**3 + 13*c**2 + 26*c - 1. Suppose 8*h + 15 = -73. Let u be k(h). Let q = u - -53. What is the highest common factor of q and 1?
1
Suppose 4*x = 3*t - 8, -10*t + 7*t - x - 2 = 0. Let b(m) = -14*m + 6. Let d be b(t). What is the highest common factor of 10 and d?
2
Let x(a) = -6*a**2 - 65*a - 27. Let m be x(-18). Let y = -713 - m. Let k be -10*-2*1*11. What is the highest common factor of y and k?
44
Let c = 36 + 0. Let v = -155252 - -155414. Calculate the greatest common divisor of v and c.
18
Suppose -113*g - 2*m + 12 = -110*g, 2*g + 4*m + 8 = 0. Calculate the highest common divisor of g and 2792.
8
Let p(a) = 2*a**2 - 107*a - 276. Let g be p(56). Calculate the highest common factor of 462 and g.
2
Let x = 162 + -47. Let n be 1/((x/12)/(-5) + 2). Suppose -9*g = -5*g - n. What is the highest common factor of g and 24?
3
Let i = -15310 + 15796. Let x = -4 + 10. Calculate the greatest common factor of x and i.
6
Let m(p) = 7 + 5*p**2 + 8*p - 4*p**2 + 0*p - 3*p. Let t be m(-7). Let i = 1907 - 1823. Calculate the highest common factor of t and i.
21
Let j(l) = l + 6 + 10 + 10 - 9. Let v be j(-9). Suppose -2*r + 18 = -v. What is the greatest common divisor of 91 and r?
13
Let c(x) = x**2 - 14*x + 61. Let p be c(18). Suppose 4*t - 5*u - 145 = 0, 4*t - 2*u = 18 + 124. Calculate the highest common factor of p and t.
7
Let x(z) = 2*z**2 + 63*z + 1277. Let g be x(-40). What is the highest common divisor of g and 57?
19
Let x(m) = 216*m**2 - m. Let t be x(-1). Let u(p) = p**3 - 5*p**2 + 248*p - 2432. Let q be u(9). Calculate the greatest common factor of q and t.
31
Let u = 38 + -242. Let z = u - -244. Calculate the highest common factor of z and 100.
20
Suppose -5*i = -5*s - 795, 3*i - 153 = -5*s + 300. Calculate the greatest common factor of i and 15.
3
Let t(n) = -33*n + 892. Let b be t(26). Calculate the highest common divisor of b and 18989.
17
Let z be ((-9)/(-12) - 1/4)*(26 - 2). Calculate the highest common factor of 5532 and z.
12
Suppose -h = 6*h + 350.